{"id":3469,"date":"2023-07-27T15:45:31","date_gmt":"2023-07-27T18:45:31","guid":{"rendered":"https:\/\/enbim.com.br\/site\/?page_id=3469"},"modified":"2025-01-15T00:02:00","modified_gmt":"2025-01-15T03:02:00","slug":"comercial-slm","status":"publish","type":"page","link":"https:\/\/enbim.com.br\/site\/portfolio\/comercial-slm\/","title":{"rendered":"Comercial SLM"},"content":{"rendered":"\t\t<div data-elementor-type=\"wp-page\" data-elementor-id=\"3469\" class=\"elementor elementor-3469\" data-elementor-post-type=\"page\">\n\t\t\t\t<div class=\"elementor-element elementor-element-8ab3781 e-con-full e-flex e-con e-parent\" data-id=\"8ab3781\" data-element_type=\"container\">\n\t\t<div class=\"elementor-element elementor-element-36a5850 e-con-full e-flex e-con e-child\" data-id=\"36a5850\" data-element_type=\"container\">\n\t\t\t\t<div class=\"elementor-element elementor-element-6bf2d2c elementor-nav-menu__align-end elementor-nav-menu--dropdown-none elementor-widget elementor-widget-nav-menu\" data-id=\"6bf2d2c\" data-element_type=\"widget\" data-settings=\"{&quot;layout&quot;:&quot;horizontal&quot;,&quot;submenu_icon&quot;:{&quot;value&quot;:&quot;&lt;svg class=\\&quot;e-font-icon-svg e-fas-caret-down\\&quot; viewBox=\\&quot;0 0 320 512\\&quot; xmlns=\\&quot;http:\\\/\\\/www.w3.org\\\/2000\\\/svg\\&quot;&gt;&lt;path d=\\&quot;M31.3 192h257.3c17.8 0 26.7 21.5 14.1 34.1L174.1 354.8c-7.8 7.8-20.5 7.8-28.3 0L17.2 226.1C4.6 213.5 13.5 192 31.3 192z\\&quot;&gt;&lt;\\\/path&gt;&lt;\\\/svg&gt;&quot;,&quot;library&quot;:&quot;fa-solid&quot;}}\" data-widget_type=\"nav-menu.default\">\n\t\t\t\t<div class=\"elementor-widget-container\">\n\t\t\t\t\t\t\t\t<nav class=\"elementor-nav-menu--main elementor-nav-menu__container elementor-nav-menu--layout-horizontal e--pointer-underline e--animation-fade\">\n\t\t\t\t<ul id=\"menu-1-6bf2d2c\" class=\"elementor-nav-menu\"><li class=\"menu-item menu-item-type-custom menu-item-object-custom menu-item-has-children menu-item-3676\"><a class=\"elementor-item\">Outros projetos<\/a>\n<ul class=\"sub-menu elementor-nav-menu--dropdown\">\n\t<li class=\"menu-item menu-item-type-custom menu-item-object-custom menu-item-has-children menu-item-3864\"><a class=\"elementor-sub-item\">Educacional<\/a>\n\t<ul class=\"sub-menu elementor-nav-menu--dropdown\">\n\t\t<li class=\"menu-item menu-item-type-post_type menu-item-object-page menu-item-3674\"><a href=\"https:\/\/enbim.com.br\/site\/portfolio\/cmei\/\" class=\"elementor-sub-item\">CMEI<\/a><\/li>\n\t\t<li class=\"menu-item menu-item-type-post_type menu-item-object-page menu-item-3863\"><a href=\"https:\/\/enbim.com.br\/site\/portfolio\/escola-municipal-pp\/\" class=\"elementor-sub-item\">Escola Municipal PP<\/a><\/li>\n\t\t<li class=\"menu-item menu-item-type-post_type menu-item-object-page menu-item-3862\"><a href=\"https:\/\/enbim.com.br\/site\/portfolio\/escola-municipal-ai\/\" class=\"elementor-sub-item\">Escola Municipal AI<\/a><\/li>\n\t\t<li class=\"menu-item menu-item-type-post_type menu-item-object-page menu-item-3861\"><a href=\"https:\/\/enbim.com.br\/site\/portfolio\/escola-municipal-vm\/\" class=\"elementor-sub-item\">Escola Municipal VM<\/a><\/li>\n\t\t<li class=\"menu-item menu-item-type-post_type menu-item-object-page menu-item-3856\"><a href=\"https:\/\/enbim.com.br\/site\/portfolio\/escola-municipal-php\/\" class=\"elementor-sub-item\">Escola Municipal PHP<\/a><\/li>\n\t\t<li class=\"menu-item menu-item-type-post_type menu-item-object-page menu-item-3855\"><a href=\"https:\/\/enbim.com.br\/site\/portfolio\/cei-mdm\/\" class=\"elementor-sub-item\">CEI MdM<\/a><\/li>\n\t<\/ul>\n<\/li>\n\t<li class=\"menu-item menu-item-type-custom menu-item-object-custom menu-item-has-children menu-item-3865\"><a class=\"elementor-sub-item\">Institucional<\/a>\n\t<ul class=\"sub-menu elementor-nav-menu--dropdown\">\n\t\t<li class=\"menu-item menu-item-type-post_type menu-item-object-page menu-item-3802\"><a href=\"https:\/\/enbim.com.br\/site\/portfolio\/bombeiros-sc-pa\/\" class=\"elementor-sub-item\">Bombeiros SC PA<\/a><\/li>\n\t\t<li class=\"menu-item menu-item-type-post_type menu-item-object-page menu-item-3854\"><a href=\"https:\/\/enbim.com.br\/site\/portfolio\/bombeiros-sc-qa\/\" class=\"elementor-sub-item\">Bombeiros SC QA<\/a><\/li>\n\t\t<li class=\"menu-item menu-item-type-post_type menu-item-object-page menu-item-3859\"><a href=\"https:\/\/enbim.com.br\/site\/portfolio\/centro-atendimento-ao-turista\/\" class=\"elementor-sub-item\">Centro Atendimento ao Turista<\/a><\/li>\n\t\t<li class=\"menu-item menu-item-type-post_type menu-item-object-page menu-item-3858\"><a href=\"https:\/\/enbim.com.br\/site\/portfolio\/cras\/\" class=\"elementor-sub-item\">Centro de Refer\u00eancia da Assist\u00eancia Social<\/a><\/li>\n\t\t<li class=\"menu-item menu-item-type-post_type menu-item-object-page menu-item-3857\"><a href=\"https:\/\/enbim.com.br\/site\/portfolio\/ginasio-pumptrack\/\" class=\"elementor-sub-item\">Gin\u00e1sio &#038; Pumptrack<\/a><\/li>\n\t<\/ul>\n<\/li>\n\t<li class=\"menu-item menu-item-type-custom menu-item-object-custom menu-item-has-children menu-item-3866\"><a class=\"elementor-sub-item\">Comercial<\/a>\n\t<ul class=\"sub-menu elementor-nav-menu--dropdown\">\n\t\t<li class=\"menu-item menu-item-type-post_type menu-item-object-page menu-item-3807\"><a href=\"https:\/\/enbim.com.br\/site\/portfolio\/hotel-sesc-bonito\/\" class=\"elementor-sub-item\">Hotel Sesc Bonito<\/a><\/li>\n\t\t<li class=\"menu-item menu-item-type-post_type menu-item-object-page menu-item-3658\"><a href=\"https:\/\/enbim.com.br\/site\/portfolio\/comercial-slm\/\" class=\"elementor-sub-item\">Comercial SLM<\/a><\/li>\n\t\t<li class=\"menu-item menu-item-type-post_type menu-item-object-page menu-item-3806\"><a href=\"https:\/\/enbim.com.br\/site\/portfolio\/galpoes-rj\/\" class=\"elementor-sub-item\">Galp\u00f5es RJ<\/a><\/li>\n\t\t<li class=\"menu-item menu-item-type-post_type menu-item-object-page menu-item-3805\"><a href=\"https:\/\/enbim.com.br\/site\/portfolio\/galpao-ntz\/\" class=\"elementor-sub-item\">Galp\u00e3o NTZ<\/a><\/li>\n\t\t<li class=\"menu-item menu-item-type-post_type menu-item-object-page menu-item-3803\"><a href=\"https:\/\/enbim.com.br\/site\/portfolio\/edf-comercial-ntz\/\" class=\"elementor-sub-item\">Edf. Comercial NTZ<\/a><\/li>\n\t\t<li class=\"menu-item menu-item-type-post_type menu-item-object-page menu-item-3804\"><a href=\"https:\/\/enbim.com.br\/site\/portfolio\/loja-ntz\/\" class=\"elementor-sub-item\">Loja NTZ<\/a><\/li>\n\t\t<li class=\"menu-item menu-item-type-post_type menu-item-object-page menu-item-3860\"><a href=\"https:\/\/enbim.com.br\/site\/portfolio\/cd-intelbras\/\" class=\"elementor-sub-item\">CD Intelbras<\/a><\/li>\n\t<\/ul>\n<\/li>\n\t<li class=\"menu-item menu-item-type-custom menu-item-object-custom menu-item-3867\"><a class=\"elementor-sub-item\">Residencial<\/a><\/li>\n<\/ul>\n<\/li>\n<\/ul>\t\t\t<\/nav>\n\t\t\t\t\t\t<nav class=\"elementor-nav-menu--dropdown elementor-nav-menu__container\" aria-hidden=\"true\">\n\t\t\t\t<ul id=\"menu-2-6bf2d2c\" class=\"elementor-nav-menu\"><li class=\"menu-item menu-item-type-custom menu-item-object-custom menu-item-has-children menu-item-3676\"><a class=\"elementor-item\" tabindex=\"-1\">Outros projetos<\/a>\n<ul class=\"sub-menu elementor-nav-menu--dropdown\">\n\t<li class=\"menu-item menu-item-type-custom menu-item-object-custom menu-item-has-children menu-item-3864\"><a class=\"elementor-sub-item\" tabindex=\"-1\">Educacional<\/a>\n\t<ul class=\"sub-menu elementor-nav-menu--dropdown\">\n\t\t<li class=\"menu-item menu-item-type-post_type menu-item-object-page menu-item-3674\"><a href=\"https:\/\/enbim.com.br\/site\/portfolio\/cmei\/\" class=\"elementor-sub-item\" tabindex=\"-1\">CMEI<\/a><\/li>\n\t\t<li class=\"menu-item menu-item-type-post_type menu-item-object-page menu-item-3863\"><a href=\"https:\/\/enbim.com.br\/site\/portfolio\/escola-municipal-pp\/\" class=\"elementor-sub-item\" tabindex=\"-1\">Escola Municipal PP<\/a><\/li>\n\t\t<li class=\"menu-item menu-item-type-post_type menu-item-object-page menu-item-3862\"><a href=\"https:\/\/enbim.com.br\/site\/portfolio\/escola-municipal-ai\/\" class=\"elementor-sub-item\" tabindex=\"-1\">Escola Municipal AI<\/a><\/li>\n\t\t<li class=\"menu-item menu-item-type-post_type menu-item-object-page menu-item-3861\"><a href=\"https:\/\/enbim.com.br\/site\/portfolio\/escola-municipal-vm\/\" class=\"elementor-sub-item\" tabindex=\"-1\">Escola Municipal VM<\/a><\/li>\n\t\t<li class=\"menu-item menu-item-type-post_type menu-item-object-page menu-item-3856\"><a href=\"https:\/\/enbim.com.br\/site\/portfolio\/escola-municipal-php\/\" class=\"elementor-sub-item\" tabindex=\"-1\">Escola Municipal PHP<\/a><\/li>\n\t\t<li class=\"menu-item menu-item-type-post_type menu-item-object-page menu-item-3855\"><a href=\"https:\/\/enbim.com.br\/site\/portfolio\/cei-mdm\/\" class=\"elementor-sub-item\" tabindex=\"-1\">CEI MdM<\/a><\/li>\n\t<\/ul>\n<\/li>\n\t<li class=\"menu-item menu-item-type-custom menu-item-object-custom menu-item-has-children menu-item-3865\"><a class=\"elementor-sub-item\" tabindex=\"-1\">Institucional<\/a>\n\t<ul class=\"sub-menu elementor-nav-menu--dropdown\">\n\t\t<li class=\"menu-item menu-item-type-post_type menu-item-object-page menu-item-3802\"><a href=\"https:\/\/enbim.com.br\/site\/portfolio\/bombeiros-sc-pa\/\" class=\"elementor-sub-item\" tabindex=\"-1\">Bombeiros SC PA<\/a><\/li>\n\t\t<li class=\"menu-item menu-item-type-post_type menu-item-object-page menu-item-3854\"><a href=\"https:\/\/enbim.com.br\/site\/portfolio\/bombeiros-sc-qa\/\" class=\"elementor-sub-item\" tabindex=\"-1\">Bombeiros SC QA<\/a><\/li>\n\t\t<li class=\"menu-item menu-item-type-post_type menu-item-object-page menu-item-3859\"><a href=\"https:\/\/enbim.com.br\/site\/portfolio\/centro-atendimento-ao-turista\/\" class=\"elementor-sub-item\" tabindex=\"-1\">Centro Atendimento ao Turista<\/a><\/li>\n\t\t<li class=\"menu-item menu-item-type-post_type menu-item-object-page menu-item-3858\"><a href=\"https:\/\/enbim.com.br\/site\/portfolio\/cras\/\" class=\"elementor-sub-item\" tabindex=\"-1\">Centro de Refer\u00eancia da Assist\u00eancia Social<\/a><\/li>\n\t\t<li class=\"menu-item menu-item-type-post_type menu-item-object-page menu-item-3857\"><a href=\"https:\/\/enbim.com.br\/site\/portfolio\/ginasio-pumptrack\/\" class=\"elementor-sub-item\" tabindex=\"-1\">Gin\u00e1sio &#038; Pumptrack<\/a><\/li>\n\t<\/ul>\n<\/li>\n\t<li class=\"menu-item menu-item-type-custom menu-item-object-custom menu-item-has-children menu-item-3866\"><a class=\"elementor-sub-item\" tabindex=\"-1\">Comercial<\/a>\n\t<ul class=\"sub-menu elementor-nav-menu--dropdown\">\n\t\t<li class=\"menu-item menu-item-type-post_type menu-item-object-page menu-item-3807\"><a href=\"https:\/\/enbim.com.br\/site\/portfolio\/hotel-sesc-bonito\/\" class=\"elementor-sub-item\" tabindex=\"-1\">Hotel Sesc Bonito<\/a><\/li>\n\t\t<li class=\"menu-item menu-item-type-post_type menu-item-object-page menu-item-3658\"><a href=\"https:\/\/enbim.com.br\/site\/portfolio\/comercial-slm\/\" class=\"elementor-sub-item\" tabindex=\"-1\">Comercial SLM<\/a><\/li>\n\t\t<li class=\"menu-item menu-item-type-post_type menu-item-object-page menu-item-3806\"><a href=\"https:\/\/enbim.com.br\/site\/portfolio\/galpoes-rj\/\" class=\"elementor-sub-item\" tabindex=\"-1\">Galp\u00f5es RJ<\/a><\/li>\n\t\t<li class=\"menu-item menu-item-type-post_type menu-item-object-page menu-item-3805\"><a href=\"https:\/\/enbim.com.br\/site\/portfolio\/galpao-ntz\/\" class=\"elementor-sub-item\" tabindex=\"-1\">Galp\u00e3o NTZ<\/a><\/li>\n\t\t<li class=\"menu-item menu-item-type-post_type menu-item-object-page menu-item-3803\"><a href=\"https:\/\/enbim.com.br\/site\/portfolio\/edf-comercial-ntz\/\" class=\"elementor-sub-item\" tabindex=\"-1\">Edf. Comercial NTZ<\/a><\/li>\n\t\t<li class=\"menu-item menu-item-type-post_type menu-item-object-page menu-item-3804\"><a href=\"https:\/\/enbim.com.br\/site\/portfolio\/loja-ntz\/\" class=\"elementor-sub-item\" tabindex=\"-1\">Loja NTZ<\/a><\/li>\n\t\t<li class=\"menu-item menu-item-type-post_type menu-item-object-page menu-item-3860\"><a href=\"https:\/\/enbim.com.br\/site\/portfolio\/cd-intelbras\/\" class=\"elementor-sub-item\" tabindex=\"-1\">CD Intelbras<\/a><\/li>\n\t<\/ul>\n<\/li>\n\t<li class=\"menu-item menu-item-type-custom menu-item-object-custom menu-item-3867\"><a class=\"elementor-sub-item\" tabindex=\"-1\">Residencial<\/a><\/li>\n<\/ul>\n<\/li>\n<\/ul>\t\t\t<\/nav>\n\t\t\t\t\t\t<\/div>\n\t\t\t\t<\/div>\n\t\t\t\t<\/div>\n\t\t<div class=\"elementor-element elementor-element-b9ffd35 e-con-full e-flex e-con e-child\" data-id=\"b9ffd35\" data-element_type=\"container\">\n\t\t<div class=\"elementor-element elementor-element-3be055d e-con-full e-flex e-con e-child\" data-id=\"3be055d\" data-element_type=\"container\">\n\t\t\t\t<div class=\"elementor-element elementor-element-0fa5971 elementor-invisible elementor-widget elementor-widget-text-editor\" data-id=\"0fa5971\" data-element_type=\"widget\" data-settings=\"{&quot;_animation&quot;:&quot;fadeInDown&quot;}\" data-widget_type=\"text-editor.default\">\n\t\t\t\t<div class=\"elementor-widget-container\">\n\t\t\t\t\t\t\t\t\t<p>Projeto comercial<\/p>\t\t\t\t\t\t\t\t<\/div>\n\t\t\t\t<\/div>\n\t\t\t\t<div class=\"elementor-element elementor-element-fbe07d9 animated-slow elementor-invisible elementor-widget elementor-widget-heading\" data-id=\"fbe07d9\" data-element_type=\"widget\" data-settings=\"{&quot;_animation&quot;:&quot;fadeIn&quot;,&quot;_animation_delay&quot;:600}\" data-widget_type=\"heading.default\">\n\t\t\t\t<div class=\"elementor-widget-container\">\n\t\t\t\t\t<h2 class=\"elementor-heading-title elementor-size-default\">Comercial\nslm<\/h2>\t\t\t\t<\/div>\n\t\t\t\t<\/div>\n\t\t\t\t<div class=\"elementor-element elementor-element-972dccc elementor-invisible elementor-widget elementor-widget-text-editor\" data-id=\"972dccc\" data-element_type=\"widget\" data-settings=\"{&quot;_animation_delay&quot;:600,&quot;_animation&quot;:&quot;fadeInUp&quot;}\" data-widget_type=\"text-editor.default\">\n\t\t\t\t<div class=\"elementor-widget-container\">\n\t\t\t\t\t\t\t\t\t<p>O norte orientativo deste projeto, foi a cria\u00e7\u00e3o de um espa\u00e7o de conviv\u00eancia que unisse o jovial com o oldschool. S\u00e3o 8 salas comerciais preparadas para qualquer tipo de estabelecimento, elas tem em m\u00e9dia 40m\u00b2, s\u00e3o equipadas com banheiros, e pontos de g\u00e1s e \u00e1gua, atendendo a possibilidade de se ter desde lojas de roupas, at\u00e9 lanchonetes e afins.<\/p>\t\t\t\t\t\t\t\t<\/div>\n\t\t\t\t<\/div>\n\t\t\t\t<\/div>\n\t\t<div class=\"elementor-element elementor-element-eb97410 e-con-full e-flex e-con e-child\" data-id=\"eb97410\" data-element_type=\"container\">\n\t\t\t\t<div class=\"elementor-element elementor-element-65e7ea3 elementor-invisible elementor-widget elementor-widget-text-editor\" data-id=\"65e7ea3\" data-element_type=\"widget\" data-settings=\"{&quot;_animation&quot;:&quot;fadeInDown&quot;}\" data-widget_type=\"text-editor.default\">\n\t\t\t\t<div class=\"elementor-widget-container\">\n\t\t\t\t\t\t\t\t\t<pre>\u00c1rea do Projeto: <span style=\"text-decoration: underline;\"><strong>417,42m\u00b2<\/strong><\/span><\/pre>\t\t\t\t\t\t\t\t<\/div>\n\t\t\t\t<\/div>\n\t\t\t\t<div class=\"elementor-element elementor-element-4760c99 elementor-widget elementor-widget-image\" data-id=\"4760c99\" data-element_type=\"widget\" data-widget_type=\"image.default\">\n\t\t\t\t<div class=\"elementor-widget-container\">\n\t\t\t\t\t\t\t\t\t\t\t\t\t\t\t\t<a href=\"https:\/\/enbim.com.br\/site\/wp-content\/uploads\/2023\/07\/SALOMAR-3.jpg\" data-elementor-open-lightbox=\"yes\" data-elementor-lightbox-title=\"SALOMAR (3)\" data-e-action-hash=\"#elementor-action%3Aaction%3Dlightbox%26settings%3DeyJpZCI6MTU0NCwidXJsIjoiaHR0cHM6XC9cL2VuYmltLmNvbS5iclwvc2l0ZVwvd3AtY29udGVudFwvdXBsb2Fkc1wvMjAyM1wvMDdcL1NBTE9NQVItMy5qcGcifQ%3D%3D\">\n\t\t\t\t\t\t\t<img decoding=\"async\" src=\"https:\/\/enbim.com.br\/site\/wp-content\/uploads\/elementor\/thumbs\/SALOMAR-3-q9bcqt7ydwhkdcbg080iaht38c4ns7y7yjlqjk997k.jpg\" title=\"SALOMAR (3)\" alt=\"SALOMAR (3)\" class=\"elementor-animation-float\" loading=\"lazy\" \/>\t\t\t\t\t\t\t\t<\/a>\n\t\t\t\t\t\t\t\t\t\t\t\t\t\t\t<\/div>\n\t\t\t\t<\/div>\n\t\t\t\t<\/div>\n\t\t<div class=\"elementor-element elementor-element-909f2b6 e-con-full e-flex e-con e-child\" data-id=\"909f2b6\" data-element_type=\"container\">\n\t\t\t\t<div class=\"elementor-element elementor-element-45c41b2 elementor-widget elementor-widget-image\" data-id=\"45c41b2\" data-element_type=\"widget\" data-widget_type=\"image.default\">\n\t\t\t\t<div class=\"elementor-widget-container\">\n\t\t\t\t\t\t\t\t\t\t\t\t\t\t\t\t<a href=\"https:\/\/enbim.com.br\/site\/wp-content\/uploads\/2023\/07\/SALOMAR-8.jpg\" data-elementor-open-lightbox=\"yes\" data-elementor-lightbox-title=\"SALOMAR (8)\" data-e-action-hash=\"#elementor-action%3Aaction%3Dlightbox%26settings%3DeyJpZCI6MTU0OSwidXJsIjoiaHR0cHM6XC9cL2VuYmltLmNvbS5iclwvc2l0ZVwvd3AtY29udGVudFwvdXBsb2Fkc1wvMjAyM1wvMDdcL1NBTE9NQVItOC5qcGcifQ%3D%3D\">\n\t\t\t\t\t\t\t<img decoding=\"async\" src=\"https:\/\/enbim.com.br\/site\/wp-content\/uploads\/elementor\/thumbs\/SALOMAR-8-q9bcr4i5jby6zxrp5ex1bvnzfjtysi8erdtkothmww.jpg\" title=\"SALOMAR (8)\" alt=\"SALOMAR (8)\" class=\"elementor-animation-float\" loading=\"lazy\" \/>\t\t\t\t\t\t\t\t<\/a>\n\t\t\t\t\t\t\t\t\t\t\t\t\t\t\t<\/div>\n\t\t\t\t<\/div>\n\t\t\t\t<div class=\"elementor-element elementor-element-458bad2 elementor-invisible elementor-widget elementor-widget-text-editor\" data-id=\"458bad2\" data-element_type=\"widget\" data-settings=\"{&quot;_animation_delay&quot;:600,&quot;_animation&quot;:&quot;fadeInUp&quot;}\" data-widget_type=\"text-editor.default\">\n\t\t\t\t<div class=\"elementor-widget-container\">\n\t\t\t\t\t\t\t\t\t<p>Mas o ponto central deste empreendimento \u00e9 o PUB-CAF\u00c9, tendo por volta de 48m\u00b2 de \u00e1rea coberta e todo o espa\u00e7o externo com mesas e cadeiras, este \u00e9 um local pronto para funcionar o dia todo, e porque n\u00e3o, a noite toda.<br \/>Al\u00e9m disso, neste projeto, foi elaborada a revitaliza\u00e7\u00e3o da fachada de uma edifica\u00e7\u00e3o existente no terreno.<\/p>\t\t\t\t\t\t\t\t<\/div>\n\t\t\t\t<\/div>\n\t\t\t\t<\/div>\n\t\t\t\t<\/div>\n\t\t<div class=\"elementor-element elementor-element-4c5a6a9 e-con-full e-flex e-con e-child\" data-id=\"4c5a6a9\" data-element_type=\"container\">\n\t\t<div class=\"elementor-element elementor-element-f5ff75f e-con-full e-flex e-con e-child\" data-id=\"f5ff75f\" data-element_type=\"container\">\n\t\t\t\t<div class=\"elementor-element elementor-element-dc5f64c elementor-widget elementor-widget-image\" data-id=\"dc5f64c\" data-element_type=\"widget\" data-widget_type=\"image.default\">\n\t\t\t\t<div class=\"elementor-widget-container\">\n\t\t\t\t\t\t\t\t\t\t\t\t\t\t\t\t<a href=\"https:\/\/enbim.com.br\/site\/wp-content\/uploads\/2023\/07\/SALOMAR-6.jpg\" data-elementor-open-lightbox=\"yes\" data-elementor-lightbox-title=\"SALOMAR (6)\" data-e-action-hash=\"#elementor-action%3Aaction%3Dlightbox%26settings%3DeyJpZCI6MTU0NywidXJsIjoiaHR0cHM6XC9cL2VuYmltLmNvbS5iclwvc2l0ZVwvd3AtY29udGVudFwvdXBsb2Fkc1wvMjAyM1wvMDdcL1NBTE9NQVItNi5qcGcifQ%3D%3D\">\n\t\t\t\t\t\t\t<img decoding=\"async\" src=\"https:\/\/enbim.com.br\/site\/wp-content\/uploads\/elementor\/thumbs\/SALOMAR-6-q9bcqzsyl5s3nud3ii3dlocooxjnhjwgmtuui7ll7c.jpg\" title=\"SALOMAR (6)\" alt=\"SALOMAR (6)\" class=\"elementor-animation-float\" loading=\"lazy\" \/>\t\t\t\t\t\t\t\t<\/a>\n\t\t\t\t\t\t\t\t\t\t\t\t\t\t\t<\/div>\n\t\t\t\t<\/div>\n\t\t\t\t<\/div>\n\t\t<div class=\"elementor-element elementor-element-e7fd0d9 e-con-full e-flex e-con e-child\" data-id=\"e7fd0d9\" data-element_type=\"container\">\n\t\t\t\t<div class=\"elementor-element elementor-element-cae955e elementor-widget elementor-widget-image\" data-id=\"cae955e\" data-element_type=\"widget\" data-widget_type=\"image.default\">\n\t\t\t\t<div class=\"elementor-widget-container\">\n\t\t\t\t\t\t\t\t\t\t\t\t\t\t\t\t<a href=\"https:\/\/enbim.com.br\/site\/wp-content\/uploads\/2023\/07\/SALOMAR-7.jpg\" data-elementor-open-lightbox=\"yes\" data-elementor-lightbox-title=\"SALOMAR (7)\" data-e-action-hash=\"#elementor-action%3Aaction%3Dlightbox%26settings%3DeyJpZCI6MTU0OCwidXJsIjoiaHR0cHM6XC9cL2VuYmltLmNvbS5iclwvc2l0ZVwvd3AtY29udGVudFwvdXBsb2Fkc1wvMjAyM1wvMDdcL1NBTE9NQVItNy5qcGcifQ%3D%3D\">\n\t\t\t\t\t\t\t<img decoding=\"async\" src=\"https:\/\/enbim.com.br\/site\/wp-content\/uploads\/elementor\/thumbs\/SALOMAR-7-q9bcr2mh5nvmcpufge3s6w528s38d40y34ilq9kf9c.jpg\" title=\"SALOMAR (7)\" alt=\"SALOMAR (7)\" class=\"elementor-animation-float\" loading=\"lazy\" \/>\t\t\t\t\t\t\t\t<\/a>\n\t\t\t\t\t\t\t\t\t\t\t\t\t\t\t<\/div>\n\t\t\t\t<\/div>\n\t\t\t\t<\/div>\n\t\t\t\t<\/div>\n\t\t<div class=\"elementor-element elementor-element-4cc4bcc e-con-full e-flex e-con e-child\" data-id=\"4cc4bcc\" data-element_type=\"container\">\n\t\t<div class=\"elementor-element elementor-element-6e0be7d e-con-full e-flex e-con e-child\" data-id=\"6e0be7d\" data-element_type=\"container\">\n\t\t\t\t<div class=\"elementor-element elementor-element-69bf129 elementor-widget elementor-widget-image\" data-id=\"69bf129\" data-element_type=\"widget\" data-widget_type=\"image.default\">\n\t\t\t\t<div class=\"elementor-widget-container\">\n\t\t\t\t\t\t\t\t\t\t\t\t\t\t\t\t<a href=\"https:\/\/enbim.com.br\/site\/wp-content\/uploads\/2023\/07\/SALOMAR-1.jpg\" data-elementor-open-lightbox=\"yes\" data-elementor-lightbox-title=\"SALOMAR (1)\" data-e-action-hash=\"#elementor-action%3Aaction%3Dlightbox%26settings%3DeyJpZCI6MTU0MiwidXJsIjoiaHR0cHM6XC9cL2VuYmltLmNvbS5iclwvc2l0ZVwvd3AtY29udGVudFwvdXBsb2Fkc1wvMjAyM1wvMDdcL1NBTE9NQVItMS5qcGcifQ%3D%3D\">\n\t\t\t\t\t\t\t<img decoding=\"async\" src=\"https:\/\/enbim.com.br\/site\/wp-content\/uploads\/elementor\/thumbs\/SALOMAR-1-q9bcqpgqhzdlu6djl8f07zglxdw3dckpdbdt0e3xog.jpg\" title=\"SALOMAR (1)\" alt=\"SALOMAR (1)\" class=\"elementor-animation-float\" loading=\"lazy\" \/>\t\t\t\t\t\t\t\t<\/a>\n\t\t\t\t\t\t\t\t\t\t\t\t\t\t\t<\/div>\n\t\t\t\t<\/div>\n\t\t\t\t<\/div>\n\t\t<div class=\"elementor-element elementor-element-3c49a07 e-con-full e-flex e-con e-child\" data-id=\"3c49a07\" data-element_type=\"container\">\n\t\t\t\t<div class=\"elementor-element elementor-element-f490e74 elementor-widget elementor-widget-image\" data-id=\"f490e74\" data-element_type=\"widget\" data-widget_type=\"image.default\">\n\t\t\t\t<div class=\"elementor-widget-container\">\n\t\t\t\t\t\t\t\t\t\t\t\t\t\t\t\t<a href=\"https:\/\/enbim.com.br\/site\/wp-content\/uploads\/2023\/07\/SALOMAR-3.jpg\" data-elementor-open-lightbox=\"yes\" data-elementor-lightbox-title=\"SALOMAR (3)\" data-e-action-hash=\"#elementor-action%3Aaction%3Dlightbox%26settings%3DeyJpZCI6MTU0NCwidXJsIjoiaHR0cHM6XC9cL2VuYmltLmNvbS5iclwvc2l0ZVwvd3AtY29udGVudFwvdXBsb2Fkc1wvMjAyM1wvMDdcL1NBTE9NQVItMy5qcGcifQ%3D%3D\">\n\t\t\t\t\t\t\t<img decoding=\"async\" src=\"https:\/\/enbim.com.br\/site\/wp-content\/uploads\/elementor\/thumbs\/SALOMAR-3-q9bcqt839bir4m82za1ihyigaxdk84zmptzqxhyczk.jpg\" title=\"SALOMAR (3)\" alt=\"SALOMAR (3)\" class=\"elementor-animation-float\" loading=\"lazy\" \/>\t\t\t\t\t\t\t\t<\/a>\n\t\t\t\t\t\t\t\t\t\t\t\t\t\t\t<\/div>\n\t\t\t\t<\/div>\n\t\t\t\t<\/div>\n\t\t<div class=\"elementor-element elementor-element-4daa4f0 e-con-full e-flex e-con e-child\" data-id=\"4daa4f0\" data-element_type=\"container\">\n\t\t\t\t<div class=\"elementor-element elementor-element-7125df9 elementor-widget elementor-widget-image\" data-id=\"7125df9\" data-element_type=\"widget\" data-widget_type=\"image.default\">\n\t\t\t\t<div class=\"elementor-widget-container\">\n\t\t\t\t\t\t\t\t\t\t\t\t\t\t\t\t<a href=\"https:\/\/enbim.com.br\/site\/wp-content\/uploads\/2023\/07\/SALOMAR-10.jpg\" data-elementor-open-lightbox=\"yes\" data-elementor-lightbox-title=\"SALOMAR (10)\" data-e-action-hash=\"#elementor-action%3Aaction%3Dlightbox%26settings%3DeyJpZCI6MTU1MSwidXJsIjoiaHR0cHM6XC9cL2VuYmltLmNvbS5iclwvc2l0ZVwvd3AtY29udGVudFwvdXBsb2Fkc1wvMjAyM1wvMDdcL1NBTE9NQVItMTAuanBnIn0%3D\">\n\t\t\t\t\t\t\t<img decoding=\"async\" src=\"https:\/\/enbim.com.br\/site\/wp-content\/uploads\/elementor\/thumbs\/SALOMAR-10-q9bcra56oc5wxlji8hcsqu8qzv262ouss5qhkh99vk.jpg\" title=\"SALOMAR (10)\" alt=\"SALOMAR (10)\" class=\"elementor-animation-float\" loading=\"lazy\" \/>\t\t\t\t\t\t\t\t<\/a>\n\t\t\t\t\t\t\t\t\t\t\t\t\t\t\t<\/div>\n\t\t\t\t<\/div>\n\t\t\t\t<\/div>\n\t\t\t\t<\/div>\n\t\t<div class=\"elementor-element elementor-element-13c4c25 e-con-full e-flex e-con e-child\" data-id=\"13c4c25\" data-element_type=\"container\">\n\t\t<div class=\"elementor-element elementor-element-a779bd8 e-con-full e-flex e-con e-child\" data-id=\"a779bd8\" data-element_type=\"container\">\n\t\t\t\t<div class=\"elementor-element elementor-element-3704670 elementor-widget elementor-widget-video\" data-id=\"3704670\" data-element_type=\"widget\" data-settings=\"{&quot;youtube_url&quot;:&quot;https:\\\/\\\/youtu.be\\\/RCBBHz-u-Tg&quot;,&quot;video_type&quot;:&quot;youtube&quot;,&quot;controls&quot;:&quot;yes&quot;}\" data-widget_type=\"video.default\">\n\t\t\t\t<div class=\"elementor-widget-container\">\n\t\t\t\t\t\t\t<div class=\"elementor-wrapper elementor-open-inline\">\n\t\t\t<div class=\"elementor-video\"><\/div>\t\t<\/div>\n\t\t\t\t\t\t<\/div>\n\t\t\t\t<\/div>\n\t\t\t\t<\/div>\n\t\t\t\t<\/div>\n\t\t\t\t<\/div>\n\t\t<!-- dce invisible element 7022968 -->\t\t<\/div>\n\t\t","protected":false},"excerpt":{"rendered":"<p>Projeto comercial Comercial slm O norte orientativo deste projeto, foi a cria\u00e7\u00e3o de um espa\u00e7o de conviv\u00eancia que unisse o jovial com o oldschool. S\u00e3o 8 salas comerciais preparadas para qualquer tipo de estabelecimento, elas tem em m\u00e9dia 40m\u00b2, s\u00e3o equipadas com banheiros, e pontos de g\u00e1s e \u00e1gua, atendendo a possibilidade de se ter [&hellip;]<\/p>\n","protected":false},"author":1,"featured_media":0,"parent":2959,"menu_order":0,"comment_status":"closed","ping_status":"closed","template":"elementor_header_footer","meta":{"inline_featured_image":false,"footnotes":""},"class_list":["post-3469","page","type-page","status-publish","hentry","fbv_pt_tax_page-projetos"],"_links":{"self":[{"href":"https:\/\/enbim.com.br\/site\/wp-json\/wp\/v2\/pages\/3469","targetHints":{"allow":["GET"]}}],"collection":[{"href":"https:\/\/enbim.com.br\/site\/wp-json\/wp\/v2\/pages"}],"about":[{"href":"https:\/\/enbim.com.br\/site\/wp-json\/wp\/v2\/types\/page"}],"author":[{"embeddable":true,"href":"https:\/\/enbim.com.br\/site\/wp-json\/wp\/v2\/users\/1"}],"replies":[{"embeddable":true,"href":"https:\/\/enbim.com.br\/site\/wp-json\/wp\/v2\/comments?post=3469"}],"version-history":[{"count":55,"href":"https:\/\/enbim.com.br\/site\/wp-json\/wp\/v2\/pages\/3469\/revisions"}],"predecessor-version":[{"id":4606,"href":"https:\/\/enbim.com.br\/site\/wp-json\/wp\/v2\/pages\/3469\/revisions\/4606"}],"up":[{"embeddable":true,"href":"https:\/\/enbim.com.br\/site\/wp-json\/wp\/v2\/pages\/2959"}],"wp:attachment":[{"href":"https:\/\/enbim.com.br\/site\/wp-json\/wp\/v2\/media?parent=3469"}],"curies":[{"name":"wp","href":"https:\/\/api.w.org\/{rel}","templated":true}]}}