{"id":3820,"date":"2023-08-01T09:54:39","date_gmt":"2023-08-01T12:54:39","guid":{"rendered":"https:\/\/enbim.com.br\/site\/?page_id=3820"},"modified":"2025-01-14T23:54:36","modified_gmt":"2025-01-15T02:54:36","slug":"cd-intelbras","status":"publish","type":"page","link":"https:\/\/enbim.com.br\/site\/portfolio\/cd-intelbras\/","title":{"rendered":"CD Intelbras"},"content":{"rendered":"\t\t<div data-elementor-type=\"wp-page\" data-elementor-id=\"3820\" class=\"elementor elementor-3820\" data-elementor-post-type=\"page\">\n\t\t\t\t<div class=\"elementor-element elementor-element-532e790 e-con-full e-flex e-con e-parent\" data-id=\"532e790\" data-element_type=\"container\">\n\t\t<div class=\"elementor-element elementor-element-eeb8e86 e-con-full e-flex e-con e-child\" data-id=\"eeb8e86\" data-element_type=\"container\">\n\t\t<div class=\"elementor-element elementor-element-a8938c2 e-con-full e-flex e-con e-child\" data-id=\"a8938c2\" data-element_type=\"container\">\n\t\t\t\t<div class=\"elementor-element elementor-element-9d5539b elementor-nav-menu__align-end elementor-nav-menu--dropdown-tablet elementor-nav-menu__text-align-aside elementor-nav-menu--toggle elementor-nav-menu--burger elementor-widget elementor-widget-nav-menu\" data-id=\"9d5539b\" data-element_type=\"widget\" data-settings=\"{&quot;layout&quot;:&quot;horizontal&quot;,&quot;submenu_icon&quot;:{&quot;value&quot;:&quot;&lt;svg class=\\&quot;e-font-icon-svg e-fas-caret-down\\&quot; viewBox=\\&quot;0 0 320 512\\&quot; xmlns=\\&quot;http:\\\/\\\/www.w3.org\\\/2000\\\/svg\\&quot;&gt;&lt;path d=\\&quot;M31.3 192h257.3c17.8 0 26.7 21.5 14.1 34.1L174.1 354.8c-7.8 7.8-20.5 7.8-28.3 0L17.2 226.1C4.6 213.5 13.5 192 31.3 192z\\&quot;&gt;&lt;\\\/path&gt;&lt;\\\/svg&gt;&quot;,&quot;library&quot;:&quot;fa-solid&quot;},&quot;toggle&quot;:&quot;burger&quot;}\" data-widget_type=\"nav-menu.default\">\n\t\t\t\t<div class=\"elementor-widget-container\">\n\t\t\t\t\t\t\t\t<nav class=\"elementor-nav-menu--main elementor-nav-menu__container elementor-nav-menu--layout-horizontal e--pointer-underline e--animation-fade\">\n\t\t\t\t<ul id=\"menu-1-9d5539b\" class=\"elementor-nav-menu\"><li class=\"menu-item menu-item-type-custom menu-item-object-custom menu-item-home menu-item-2955\"><a href=\"https:\/\/enbim.com.br\/site\/#home\" class=\"elementor-item elementor-item-anchor\">Home<\/a><\/li>\n<li class=\"menu-item menu-item-type-custom menu-item-object-custom menu-item-home menu-item-2954\"><a href=\"https:\/\/enbim.com.br\/site\/#pqnos\" class=\"elementor-item elementor-item-anchor\">Porque nos escolher<\/a><\/li>\n<li class=\"menu-item menu-item-type-custom menu-item-object-custom menu-item-home menu-item-2956\"><a href=\"https:\/\/enbim.com.br\/site\/#servicos\" class=\"elementor-item elementor-item-anchor\">Nossos servi\u00e7os<\/a><\/li>\n<li class=\"menu-item menu-item-type-custom menu-item-object-custom menu-item-home menu-item-2957\"><a href=\"https:\/\/enbim.com.br\/site\/#clientes-parceiros\" class=\"elementor-item elementor-item-anchor\">Clientes &#038; Parceiros<\/a><\/li>\n<li class=\"menu-item menu-item-type-post_type menu-item-object-page menu-item-4512\"><a href=\"https:\/\/enbim.com.br\/site\/popform\/\" class=\"elementor-item\">Contato<\/a><\/li>\n<li class=\"menu-item menu-item-type-post_type menu-item-object-page menu-item-2961\"><a href=\"https:\/\/enbim.com.br\/site\/portfolio\/\" class=\"elementor-item\">Portf\u00f3lio<\/a><\/li>\n<\/ul>\t\t\t<\/nav>\n\t\t\t\t\t<div class=\"elementor-menu-toggle\" role=\"button\" tabindex=\"0\" aria-label=\"Menu Toggle\" aria-expanded=\"false\">\n\t\t\t<svg aria-hidden=\"true\" role=\"presentation\" class=\"elementor-menu-toggle__icon--open e-font-icon-svg e-eicon-menu-bar\" viewBox=\"0 0 1000 1000\" xmlns=\"http:\/\/www.w3.org\/2000\/svg\"><path d=\"M104 333H896C929 333 958 304 958 271S929 208 896 208H104C71 208 42 237 42 271S71 333 104 333ZM104 583H896C929 583 958 554 958 521S929 458 896 458H104C71 458 42 487 42 521S71 583 104 583ZM104 833H896C929 833 958 804 958 771S929 708 896 708H104C71 708 42 737 42 771S71 833 104 833Z\"><\/path><\/svg><svg aria-hidden=\"true\" role=\"presentation\" class=\"elementor-menu-toggle__icon--close e-font-icon-svg e-eicon-close\" viewBox=\"0 0 1000 1000\" xmlns=\"http:\/\/www.w3.org\/2000\/svg\"><path d=\"M742 167L500 408 258 167C246 154 233 150 217 150 196 150 179 158 167 167 154 179 150 196 150 212 150 229 154 242 171 254L408 500 167 742C138 771 138 800 167 829 196 858 225 858 254 829L496 587 738 829C750 842 767 846 783 846 800 846 817 842 829 829 842 817 846 804 846 783 846 767 842 750 829 737L588 500 833 258C863 229 863 200 833 171 804 137 775 137 742 167Z\"><\/path><\/svg>\t\t\t<span class=\"elementor-screen-only\">Menu<\/span>\n\t\t<\/div>\n\t\t\t\t\t<nav class=\"elementor-nav-menu--dropdown elementor-nav-menu__container\" aria-hidden=\"true\">\n\t\t\t\t<ul id=\"menu-2-9d5539b\" class=\"elementor-nav-menu\"><li class=\"menu-item menu-item-type-custom menu-item-object-custom menu-item-home menu-item-2955\"><a href=\"https:\/\/enbim.com.br\/site\/#home\" class=\"elementor-item elementor-item-anchor\" tabindex=\"-1\">Home<\/a><\/li>\n<li class=\"menu-item menu-item-type-custom menu-item-object-custom menu-item-home menu-item-2954\"><a href=\"https:\/\/enbim.com.br\/site\/#pqnos\" class=\"elementor-item elementor-item-anchor\" tabindex=\"-1\">Porque nos escolher<\/a><\/li>\n<li class=\"menu-item menu-item-type-custom menu-item-object-custom menu-item-home menu-item-2956\"><a href=\"https:\/\/enbim.com.br\/site\/#servicos\" class=\"elementor-item elementor-item-anchor\" tabindex=\"-1\">Nossos servi\u00e7os<\/a><\/li>\n<li class=\"menu-item menu-item-type-custom menu-item-object-custom menu-item-home menu-item-2957\"><a href=\"https:\/\/enbim.com.br\/site\/#clientes-parceiros\" class=\"elementor-item elementor-item-anchor\" tabindex=\"-1\">Clientes &#038; Parceiros<\/a><\/li>\n<li class=\"menu-item menu-item-type-post_type menu-item-object-page menu-item-4512\"><a href=\"https:\/\/enbim.com.br\/site\/popform\/\" class=\"elementor-item\" tabindex=\"-1\">Contato<\/a><\/li>\n<li class=\"menu-item menu-item-type-post_type menu-item-object-page menu-item-2961\"><a href=\"https:\/\/enbim.com.br\/site\/portfolio\/\" class=\"elementor-item\" tabindex=\"-1\">Portf\u00f3lio<\/a><\/li>\n<\/ul>\t\t\t<\/nav>\n\t\t\t\t\t\t<\/div>\n\t\t\t\t<\/div>\n\t\t\t\t<\/div>\n\t\t\t\t<\/div>\n\t\t<div class=\"elementor-element elementor-element-a122232 e-con-full e-flex e-con e-child\" data-id=\"a122232\" data-element_type=\"container\">\n\t\t<div class=\"elementor-element elementor-element-8be2516 e-con-full e-flex e-con e-child\" data-id=\"8be2516\" data-element_type=\"container\">\n\t\t\t\t<div class=\"elementor-element elementor-element-f24635b elementor-invisible elementor-widget elementor-widget-text-editor\" data-id=\"f24635b\" data-element_type=\"widget\" data-settings=\"{&quot;_animation&quot;:&quot;fadeInDown&quot;}\" data-widget_type=\"text-editor.default\">\n\t\t\t\t<div class=\"elementor-widget-container\">\n\t\t\t\t\t\t\t\t\t<p>Projeto comercial<\/p>\t\t\t\t\t\t\t\t<\/div>\n\t\t\t\t<\/div>\n\t\t\t\t<div class=\"elementor-element elementor-element-82f2d5f animated-slow elementor-invisible elementor-widget elementor-widget-heading\" data-id=\"82f2d5f\" data-element_type=\"widget\" data-settings=\"{&quot;_animation&quot;:&quot;fadeIn&quot;,&quot;_animation_delay&quot;:600}\" data-widget_type=\"heading.default\">\n\t\t\t\t<div class=\"elementor-widget-container\">\n\t\t\t\t\t<h2 class=\"elementor-heading-title elementor-size-default\">cd intelbras<\/h2>\t\t\t\t<\/div>\n\t\t\t\t<\/div>\n\t\t\t\t<div class=\"elementor-element elementor-element-26cd52a elementor-invisible elementor-widget elementor-widget-text-editor\" data-id=\"26cd52a\" data-element_type=\"widget\" data-settings=\"{&quot;_animation_delay&quot;:600,&quot;_animation&quot;:&quot;fadeInUp&quot;}\" data-widget_type=\"text-editor.default\">\n\t\t\t\t<div class=\"elementor-widget-container\">\n\t\t\t\t\t\t\t\t\t<p>Este projeto trata-se da amplia\u00e7\u00e3o de um Centro de Distribui\u00e7\u00e3o da Intelbras.<\/p><p>Todo em estrutura pr\u00e9 moldada, desde pilares, e vigas, at\u00e9 \u00e0 placas de fechamento laterais. A cobertura \u00e9 toda met\u00e1lica, contendo um lanternim para melhorar a ventila\u00e7\u00e3o.<\/p>\t\t\t\t\t\t\t\t<\/div>\n\t\t\t\t<\/div>\n\t\t\t\t<\/div>\n\t\t<div class=\"elementor-element elementor-element-03d6eb4 e-con-full e-flex e-con e-child\" data-id=\"03d6eb4\" data-element_type=\"container\">\n\t\t\t\t<div class=\"elementor-element elementor-element-afe1591 elementor-invisible elementor-widget elementor-widget-text-editor\" data-id=\"afe1591\" data-element_type=\"widget\" data-settings=\"{&quot;_animation&quot;:&quot;fadeInDown&quot;}\" data-widget_type=\"text-editor.default\">\n\t\t\t\t<div class=\"elementor-widget-container\">\n\t\t\t\t\t\t\t\t\t<pre>\u00c1rea do Projeto: <span style=\"text-decoration: underline;\"><strong>2169,28m\u00b2<\/strong><\/span><\/pre>\t\t\t\t\t\t\t\t<\/div>\n\t\t\t\t<\/div>\n\t\t\t\t<div class=\"elementor-element elementor-element-71d199b elementor-widget elementor-widget-image\" data-id=\"71d199b\" data-element_type=\"widget\" data-widget_type=\"image.default\">\n\t\t\t\t<div class=\"elementor-widget-container\">\n\t\t\t\t\t\t\t\t\t\t\t\t\t\t\t\t<a href=\"https:\/\/enbim.com.br\/site\/wp-content\/uploads\/2023\/07\/INTELBRAS-1.png\" data-elementor-open-lightbox=\"yes\" data-elementor-lightbox-title=\"INTELBRAS (1)\" data-e-action-hash=\"#elementor-action%3Aaction%3Dlightbox%26settings%3DeyJpZCI6MTY0NiwidXJsIjoiaHR0cHM6XC9cL2VuYmltLmNvbS5iclwvc2l0ZVwvd3AtY29udGVudFwvdXBsb2Fkc1wvMjAyM1wvMDdcL0lOVEVMQlJBUy0xLnBuZyJ9\">\n\t\t\t\t\t\t\t<img decoding=\"async\" src=\"https:\/\/enbim.com.br\/site\/wp-content\/uploads\/elementor\/thumbs\/INTELBRAS-1-q9beaga0xunlmdhw3ruhdycd4fvuf7u7xxtg87raw0.png\" title=\"INTELBRAS (1)\" alt=\"INTELBRAS (1)\" class=\"elementor-animation-float\" loading=\"lazy\" \/>\t\t\t\t\t\t\t\t<\/a>\n\t\t\t\t\t\t\t\t\t\t\t\t\t\t\t<\/div>\n\t\t\t\t<\/div>\n\t\t\t\t<\/div>\n\t\t<div class=\"elementor-element elementor-element-06de79b e-con-full e-flex e-con e-child\" data-id=\"06de79b\" data-element_type=\"container\">\n\t\t\t\t<div class=\"elementor-element elementor-element-46455c6 elementor-widget elementor-widget-image\" data-id=\"46455c6\" data-element_type=\"widget\" data-widget_type=\"image.default\">\n\t\t\t\t<div class=\"elementor-widget-container\">\n\t\t\t\t\t\t\t\t\t\t\t\t\t\t\t\t<a href=\"https:\/\/enbim.com.br\/site\/wp-content\/uploads\/2023\/07\/INTELBRAS-4.png\" data-elementor-open-lightbox=\"yes\" data-elementor-lightbox-title=\"INTELBRAS (4)\" data-e-action-hash=\"#elementor-action%3Aaction%3Dlightbox%26settings%3DeyJpZCI6MTY0OSwidXJsIjoiaHR0cHM6XC9cL2VuYmltLmNvbS5iclwvc2l0ZVwvd3AtY29udGVudFwvdXBsb2Fkc1wvMjAyM1wvMDdcL0lOVEVMQlJBUy00LnBuZyJ9\">\n\t\t\t\t\t\t\t<img decoding=\"async\" src=\"https:\/\/enbim.com.br\/site\/wp-content\/uploads\/elementor\/thumbs\/INTELBRAS-4-q9becqzw2zdp82h7ilbzpj5nh0zek3e1cweirdb3qo.png\" title=\"INTELBRAS (4)\" alt=\"INTELBRAS (4)\" class=\"elementor-animation-float\" loading=\"lazy\" \/>\t\t\t\t\t\t\t\t<\/a>\n\t\t\t\t\t\t\t\t\t\t\t\t\t\t\t<\/div>\n\t\t\t\t<\/div>\n\t\t\t\t<\/div>\n\t\t\t\t<\/div>\n\t\t<div class=\"elementor-element elementor-element-50f51c2 e-con-full e-flex e-con e-child\" data-id=\"50f51c2\" data-element_type=\"container\">\n\t\t<div class=\"elementor-element elementor-element-b906755 e-con-full e-flex e-con e-child\" data-id=\"b906755\" data-element_type=\"container\">\n\t\t\t\t<div class=\"elementor-element elementor-element-9887dee elementor-widget elementor-widget-image\" data-id=\"9887dee\" data-element_type=\"widget\" data-widget_type=\"image.default\">\n\t\t\t\t<div class=\"elementor-widget-container\">\n\t\t\t\t\t\t\t\t\t\t\t\t\t\t\t\t<a href=\"https:\/\/enbim.com.br\/site\/wp-content\/uploads\/2023\/07\/INTELBRAS-2.png\" data-elementor-open-lightbox=\"yes\" data-elementor-lightbox-title=\"INTELBRAS (2)\" data-e-action-hash=\"#elementor-action%3Aaction%3Dlightbox%26settings%3DeyJpZCI6MTY0NywidXJsIjoiaHR0cHM6XC9cL2VuYmltLmNvbS5iclwvc2l0ZVwvd3AtY29udGVudFwvdXBsb2Fkc1wvMjAyM1wvMDdcL0lOVEVMQlJBUy0yLnBuZyJ9\">\n\t\t\t\t\t\t\t<img decoding=\"async\" src=\"https:\/\/enbim.com.br\/site\/wp-content\/uploads\/elementor\/thumbs\/INTELBRAS-2-q9beb5nsxsnj34dnymueyqn68fnnmyodsptkkmes00.png\" title=\"INTELBRAS (2)\" alt=\"INTELBRAS (2)\" class=\"elementor-animation-float\" loading=\"lazy\" \/>\t\t\t\t\t\t\t\t<\/a>\n\t\t\t\t\t\t\t\t\t\t\t\t\t\t\t<\/div>\n\t\t\t\t<\/div>\n\t\t\t\t<\/div>\n\t\t<div class=\"elementor-element elementor-element-80f26b4 e-con-full e-flex e-con e-child\" data-id=\"80f26b4\" data-element_type=\"container\">\n\t\t\t\t<div class=\"elementor-element elementor-element-8564893 elementor-widget elementor-widget-image\" data-id=\"8564893\" data-element_type=\"widget\" data-widget_type=\"image.default\">\n\t\t\t\t<div class=\"elementor-widget-container\">\n\t\t\t\t\t\t\t\t\t\t\t\t\t\t\t\t<a href=\"https:\/\/enbim.com.br\/site\/wp-content\/uploads\/2023\/07\/INTELBRAS-3.png\" data-elementor-open-lightbox=\"yes\" data-elementor-lightbox-title=\"INTELBRAS (3)\" data-e-action-hash=\"#elementor-action%3Aaction%3Dlightbox%26settings%3DeyJpZCI6MTY0OCwidXJsIjoiaHR0cHM6XC9cL2VuYmltLmNvbS5iclwvc2l0ZVwvd3AtY29udGVudFwvdXBsb2Fkc1wvMjAyM1wvMDdcL0lOVEVMQlJBUy0zLnBuZyJ9\">\n\t\t\t\t\t\t\t<img decoding=\"async\" src=\"https:\/\/enbim.com.br\/site\/wp-content\/uploads\/elementor\/thumbs\/INTELBRAS-3-q9bec3hzrtxup30ih1gzgi3rmb0vc2epxdb1ul0ls0.png\" title=\"INTELBRAS (3)\" alt=\"INTELBRAS (3)\" class=\"elementor-animation-float\" loading=\"lazy\" \/>\t\t\t\t\t\t\t\t<\/a>\n\t\t\t\t\t\t\t\t\t\t\t\t\t\t\t<\/div>\n\t\t\t\t<\/div>\n\t\t\t\t<\/div>\n\t\t\t\t<\/div>\n\t\t<div class=\"elementor-element elementor-element-ce7ef59 e-con-full e-flex e-con e-child\" data-id=\"ce7ef59\" data-element_type=\"container\">\n\t\t<div class=\"elementor-element elementor-element-311066f e-con-full e-flex e-con e-child\" data-id=\"311066f\" data-element_type=\"container\">\n\t\t\t\t<div class=\"elementor-element elementor-element-93a47cd elementor-widget elementor-widget-image\" data-id=\"93a47cd\" data-element_type=\"widget\" data-widget_type=\"image.default\">\n\t\t\t\t<div class=\"elementor-widget-container\">\n\t\t\t\t\t\t\t\t\t\t\t\t\t\t\t\t<a href=\"https:\/\/enbim.com.br\/site\/wp-content\/uploads\/2023\/07\/INTELBRAS-5.png\" data-elementor-open-lightbox=\"yes\" data-elementor-lightbox-title=\"INTELBRAS (5)\" data-e-action-hash=\"#elementor-action%3Aaction%3Dlightbox%26settings%3DeyJpZCI6MTY1MCwidXJsIjoiaHR0cHM6XC9cL2VuYmltLmNvbS5iclwvc2l0ZVwvd3AtY29udGVudFwvdXBsb2Fkc1wvMjAyM1wvMDdcL0lOVEVMQlJBUy01LnBuZyJ9\">\n\t\t\t\t\t\t\t<img decoding=\"async\" src=\"https:\/\/enbim.com.br\/site\/wp-content\/uploads\/elementor\/thumbs\/INTELBRAS-5-q9bedm0ms80hegtbmp1ch4ci2nk5qif5gv57omrrr4.png\" title=\"INTELBRAS (5)\" alt=\"INTELBRAS (5)\" class=\"elementor-animation-float\" loading=\"lazy\" \/>\t\t\t\t\t\t\t\t<\/a>\n\t\t\t\t\t\t\t\t\t\t\t\t\t\t\t<\/div>\n\t\t\t\t<\/div>\n\t\t\t\t<\/div>\n\t\t<div class=\"elementor-element elementor-element-5c2dfff e-con-full e-flex e-con e-child\" data-id=\"5c2dfff\" data-element_type=\"container\">\n\t\t\t\t<div class=\"elementor-element elementor-element-f792027 elementor-widget elementor-widget-image\" data-id=\"f792027\" data-element_type=\"widget\" data-widget_type=\"image.default\">\n\t\t\t\t<div class=\"elementor-widget-container\">\n\t\t\t\t\t\t\t\t\t\t\t\t\t\t\t\t<a href=\"https:\/\/enbim.com.br\/site\/wp-content\/uploads\/2023\/07\/INTELBRAS-7.png\" data-elementor-open-lightbox=\"yes\" data-elementor-lightbox-title=\"INTELBRAS (7)\" data-e-action-hash=\"#elementor-action%3Aaction%3Dlightbox%26settings%3DeyJpZCI6MTY1MiwidXJsIjoiaHR0cHM6XC9cL2VuYmltLmNvbS5iclwvc2l0ZVwvd3AtY29udGVudFwvdXBsb2Fkc1wvMjAyM1wvMDdcL0lOVEVMQlJBUy03LnBuZyJ9\">\n\t\t\t\t\t\t\t<img decoding=\"async\" src=\"https:\/\/enbim.com.br\/site\/wp-content\/uploads\/elementor\/thumbs\/INTELBRAS-7-q9beehz58l88d7iwg2untwa69r6n07y0x9bq01gdvk.png\" title=\"INTELBRAS (7)\" alt=\"INTELBRAS (7)\" class=\"elementor-animation-float\" loading=\"lazy\" \/>\t\t\t\t\t\t\t\t<\/a>\n\t\t\t\t\t\t\t\t\t\t\t\t\t\t\t<\/div>\n\t\t\t\t<\/div>\n\t\t\t\t<\/div>\n\t\t<div class=\"elementor-element elementor-element-492fa1c e-con-full e-flex e-con e-child\" data-id=\"492fa1c\" data-element_type=\"container\">\n\t\t\t\t<div class=\"elementor-element elementor-element-7cc9d98 elementor-widget elementor-widget-image\" data-id=\"7cc9d98\" data-element_type=\"widget\" data-widget_type=\"image.default\">\n\t\t\t\t<div class=\"elementor-widget-container\">\n\t\t\t\t\t\t\t\t\t\t\t\t\t\t\t\t<a href=\"https:\/\/enbim.com.br\/site\/wp-content\/uploads\/2023\/07\/INTELBRAS-8.png\" data-elementor-open-lightbox=\"yes\" data-elementor-lightbox-title=\"INTELBRAS (8)\" data-e-action-hash=\"#elementor-action%3Aaction%3Dlightbox%26settings%3DeyJpZCI6MTY1MywidXJsIjoiaHR0cHM6XC9cL2VuYmltLmNvbS5iclwvc2l0ZVwvd3AtY29udGVudFwvdXBsb2Fkc1wvMjAyM1wvMDdcL0lOVEVMQlJBUy04LnBuZyJ9\">\n\t\t\t\t\t\t\t<img decoding=\"async\" src=\"https:\/\/enbim.com.br\/site\/wp-content\/uploads\/elementor\/thumbs\/INTELBRAS-8-q9befb454gc4d4ckpxg3h6xgop70mu5pd9jrvm96io.png\" title=\"INTELBRAS (8)\" alt=\"INTELBRAS (8)\" class=\"elementor-animation-float\" loading=\"lazy\" \/>\t\t\t\t\t\t\t\t<\/a>\n\t\t\t\t\t\t\t\t\t\t\t\t\t\t\t<\/div>\n\t\t\t\t<\/div>\n\t\t\t\t<\/div>\n\t\t\t\t<\/div>\n\t\t<div class=\"elementor-element elementor-element-298d5e3 e-con-full e-flex e-con e-child\" data-id=\"298d5e3\" data-element_type=\"container\">\n\t\t<div class=\"elementor-element elementor-element-499a5a3 e-con-full e-flex e-con e-child\" data-id=\"499a5a3\" data-element_type=\"container\">\n\t\t\t\t<div class=\"elementor-element elementor-element-017372c elementor-widget elementor-widget-image\" data-id=\"017372c\" data-element_type=\"widget\" data-widget_type=\"image.default\">\n\t\t\t\t<div class=\"elementor-widget-container\">\n\t\t\t\t\t\t\t\t\t\t\t\t<figure class=\"wp-caption\">\n\t\t\t\t\t\t\t\t\t\t\t<a href=\"https:\/\/enbim.com.br\/site\/wp-content\/uploads\/2023\/07\/INTELBRAS-6.png\" data-elementor-open-lightbox=\"yes\" data-elementor-lightbox-title=\"INTELBRAS (6)\" data-e-action-hash=\"#elementor-action%3Aaction%3Dlightbox%26settings%3DeyJpZCI6MTY1MSwidXJsIjoiaHR0cHM6XC9cL2VuYmltLmNvbS5iclwvc2l0ZVwvd3AtY29udGVudFwvdXBsb2Fkc1wvMjAyM1wvMDdcL0lOVEVMQlJBUy02LnBuZyJ9\">\n\t\t\t\t\t\t\t<img decoding=\"async\" src=\"https:\/\/enbim.com.br\/site\/wp-content\/uploads\/elementor\/thumbs\/INTELBRAS-6-q9bedqpxdyiuqphepeu36rov8d9sq4u4kizco4cja0.png\" title=\"INTELBRAS (6)\" alt=\"Imagem ajustada j\u00e1 com as corre\u00e7\u00f5es do as-built.\" class=\"elementor-animation-float\" loading=\"lazy\" \/>\t\t\t\t\t\t\t\t<\/a>\n\t\t\t\t\t\t\t\t\t\t\t<figcaption class=\"widget-image-caption wp-caption-text\">Imagem ajustada j\u00e1 com as corre\u00e7\u00f5es do as-built.<\/figcaption>\n\t\t\t\t\t\t\t\t\t\t<\/figure>\n\t\t\t\t\t\t\t\t\t<\/div>\n\t\t\t\t<\/div>\n\t\t\t\t<\/div>\n\t\t\t\t<\/div>\n\t\t\t\t<\/div>\n\t\t<!-- dce invisible element 7812b1f -->\t\t<\/div>\n\t\t","protected":false},"excerpt":{"rendered":"<p>Projeto comercial cd intelbras Este projeto trata-se da amplia\u00e7\u00e3o de um Centro de Distribui\u00e7\u00e3o da Intelbras. Todo em estrutura pr\u00e9 moldada, desde pilares, e vigas, at\u00e9 \u00e0 placas de fechamento laterais. A cobertura \u00e9 toda met\u00e1lica, contendo um lanternim para melhorar a ventila\u00e7\u00e3o. \u00c1rea do Projeto: 2169,28m\u00b2 Imagem ajustada j\u00e1 com as corre\u00e7\u00f5es do as-built. [&hellip;]<\/p>\n","protected":false},"author":1,"featured_media":0,"parent":2959,"menu_order":0,"comment_status":"closed","ping_status":"closed","template":"elementor_header_footer","meta":{"inline_featured_image":false,"footnotes":""},"class_list":["post-3820","page","type-page","status-publish","hentry","fbv_pt_tax_page-projetos"],"_links":{"self":[{"href":"https:\/\/enbim.com.br\/site\/wp-json\/wp\/v2\/pages\/3820","targetHints":{"allow":["GET"]}}],"collection":[{"href":"https:\/\/enbim.com.br\/site\/wp-json\/wp\/v2\/pages"}],"about":[{"href":"https:\/\/enbim.com.br\/site\/wp-json\/wp\/v2\/types\/page"}],"author":[{"embeddable":true,"href":"https:\/\/enbim.com.br\/site\/wp-json\/wp\/v2\/users\/1"}],"replies":[{"embeddable":true,"href":"https:\/\/enbim.com.br\/site\/wp-json\/wp\/v2\/comments?post=3820"}],"version-history":[{"count":7,"href":"https:\/\/enbim.com.br\/site\/wp-json\/wp\/v2\/pages\/3820\/revisions"}],"predecessor-version":[{"id":4588,"href":"https:\/\/enbim.com.br\/site\/wp-json\/wp\/v2\/pages\/3820\/revisions\/4588"}],"up":[{"embeddable":true,"href":"https:\/\/enbim.com.br\/site\/wp-json\/wp\/v2\/pages\/2959"}],"wp:attachment":[{"href":"https:\/\/enbim.com.br\/site\/wp-json\/wp\/v2\/media?parent=3820"}],"curies":[{"name":"wp","href":"https:\/\/api.w.org\/{rel}","templated":true}]}}